pose -7*p + 200 = -v*p. Suppose 4*r + 3*g = 5*r - 38, -r + 4*g = -p. List the prime factors of r.
2
Let z(g) = g**3 + 4*g**2 - 6*g + 1. Let b be z(-5). Suppose -p - 3 = -b. Suppose p = f - 11. List the prime factors of f.
2, 7
Suppose -169 = -3*l + 2*z + 610, -5*z - 1034 = -4*l. What are the prime factors of l?
3, 29
Let p(o) = 461*o + 49. What are the prime factors of p(2)?
971
Let h = -12 + 16. Suppose -h*w = k - 16, 2*w + 2*k + 2*k = -6. Let z(x) = x**3 - 4*x**2 - 3*x - 3. List the prime factors of z(w).
7
Suppose -8*x + 5*x - 6 = 0. Let l(o) = 3*o**2 - 2*o - 2. List the prime factors of l(x).
2, 7
Let h(d) = -d**3 + 5*d**2 + 6*d + 9. What are the prime factors of h(5)?
3, 13
Let m = 11081 - 7140. List the prime factors of m.
7, 563
Let g = -93 - -102. Suppose p = 103 + g. List the prime factors of p.
2, 7
Suppose 0 = 15*l - 2756 - 859. What are the prime factors of l?
241
Let l = -1189 - -2837. List the prime factors of l.
2, 103
Let v(s) = -3*s + 38. Let j be v(10). Suppose a - 30 = 5*r, -3*a = -5*r - 34 + 4. Let p = r + j. List the prime factors of p.
2
Let h(q) = -5*q + 2. Let a be h(-1). Let p(m) = 15*m + a*m - 4*m - m**2. What are the prime factors of p(16)?
2
Let i(o) = -o**3 - 8*o**2 - 6*o - 3. Suppose 6*x - 5*x = -1. Let c be ((-4)/x)/(1/(-2)). What are the prime factors of i(c)?
3, 5
Suppose 2*u = 5*o - 14, u + 0 = -2. Suppose 32 - o = 5*j. List the prime factors of 0 + (-5)/((-10)/j).
3
Let q(o) = -2*o - 16. Let t be q(-9). Suppose 2*h = t*x + 290, -5*h = -3*x + 11 - 730. List the prime factors of h.
2, 71
Let y = 45 + -41. Suppose -5*a = y*m - 180, 3*m - 37 - 63 = 5*a. List the prime factors of m.
2, 5
Let n(l) = 3*l**3 - 9 - 3*l**2 - 2*l**3 - 9*l + 10*l**2. Let c be n(-8). List the prime factors of 2 + (112/(-4))/c.
2, 3, 5
Suppose -23 - 22 = -t. Suppose -z + 61 = 3*u + 2*u, 5*z - t = -5*u. List the prime factors of u.
13
Let s = 19 - 12. Let w be (-502)/(-12) - 2/(-12). What are the prime factors of (-125)/(-6) + s/w?
3, 7
Suppose 22*b - 2540 + 142 = 0. List the prime factors of b.
109
List the prime factors of 55420/90 - (-2)/9.
2, 7, 11
Let p = -201 + 1147. List the prime factors of p.
2, 11, 43
Let r be (10 + -4)*(-2)/(-3). Suppose 0 = -0*i - r*i - 132. What are the prime factors of (-4 - i)*1/1?
29
Let f(b) = 8*b**2 - b - 5. What are the prime factors of f(8)?
499
What are the prime factors of -11 + 228/24 + (-174)/(-4)?
2, 3, 7
Suppose 5*w + l = 2*w + 321, 4*l + 214 = 2*w. Let c be w - (-1 - 2 - 0). Let f = c + -35. What are the prime factors of f?
3, 5
Let p be 1/6 - (5831/6)/(-7). Suppose -p = 3*x - 484. List the prime factors of x.
5, 23
Let i = 2303 - 1456. What are the prime factors of i?
7, 11
Let g = -3145 - -6584. List the prime factors of g.
19, 181
Suppose 5*o + 40 = 3*o. Let r = o + 38. Let c = r + 2. What are the prime factors of c?
2, 5
Suppose 0*v = 3*v - 12. Suppose t + v = 2*y, 2*y = 2*t + 3*y - 12. List the prime factors of t.
2
Let l = 43 + -47. List the prime factors of (-18560)/(-72) + l/(-18).
2, 3, 43
Let b(m) = 2*m**3 - 3*m**2 + 4*m - 3. Let d be b(5). Let y be d/5 + 10/(-25). Suppose 2*v = 4*v - y. List the prime factors of v.
19
Suppose 4*u + 534 = v, -2*v + 4*u + 1072 = -0*v. List the prime factors of v.
2, 269
List the prime factors of 3/12 - ((-3147)/4 - -5).
2, 17, 23
Suppose 27 = 4*l - 53. Suppose -24*r + 20 = -l*r. Suppose r*g + g - 36 = 0. What are the prime factors of g?
2, 3
Suppose -20284 = -6*u - 4066. What are the prime factors of u?
3, 17, 53
Let b(u) = u**2 + 6*u + 8. Let v be b(-7). Suppose 114 = -13*a + v*a. List the prime factors of a.
3, 19
Let z be 5 + -9 + (26 - 1). Suppose 0*d - 2*d = -66. Let t = d - z. List the prime factors of t.
2, 3
Suppose -3*t = -36*t + 59235. List the prime factors of t.
5, 359
Suppose 6*p = 9*p. Let f = -76 - -131. Let b = f + p. What are the prime factors of b?
5, 11
Let r(c) = -268*c - 20. What are the prime factors of r(-2)?
2, 3, 43
Let n = 1216 + 2144. List the prime factors of n.
2, 3, 5, 7
Let w = 932 - 65. What are the prime factors of w?
3, 17
Let z be 90/(-27)*(3 - 0). List the prime factors of 15/(-5) + 0 - z.
7
Suppose -5*y + 5*j + 1810 = 0, -14*y = -18*y - 5*j + 1412. What are the prime factors of y?
2, 179
Let s = -1361 + 4021. List the prime factors of s.
2, 5, 7, 19
Let d(u) = u**2 + 11*u - 10. Let l be d(-12). Suppose -l*v - v = -18. Suppose 0 = v*p - 175 - 227. List the prime factors of p.
67
Suppose 8*v + p + 123 = 3*v, -3*v = 2*p + 78. Let z = v + 17. Let m(s) = -s**3 - 6*s**2 + 6*s + 3. List the prime factors of m(z).
2, 5
Let u(x) = -x**2 - 19*x - 1. Let o(r) = 2*r**3 + 9*r**2 - 3*r - 4. Let v be o(-5). What are the prime factors of u(v)?
3, 23
List the prime factors of ((-225)/(-105))/(-15) + (-12419)/(-7).
2, 887
Let t(i) = i**2 - 1 - 7*i + i - 9 + 3. Let c be t(7). Suppose c*b + 4*b = 124. What are the prime factors of b?
31
Let r = -21 + 26. Let g be r/2 + 8/16. Suppose -g*z + 2*z + 3 = 0. List the prime factors of z.
3
Suppose 0 = 2*z - o + 3*o - 6, z + 2*o - 8 = 0. List the prime factors of (3/z*-74)/(3/2).
2, 37
Suppose -4*q = 4*c - 88, 2*q + c - 56 = 3*c. Let y be q - -1 - (-2)/1. What are the prime factors of 8/y + 1056/28?
2, 19
Let p = 1679 + -1127. What are the prime factors of p?
2, 3, 23
Suppose 0*o = -o + 5*b + 13, -4*b = 12. Let d be -8*1/o*1. Suppose -55 = -d*l - l. List the prime factors of l.
11
Let m = -26 + 11. Let a = 16 + m. Let g(d) = 35*d. List the prime factors of g(a).
5, 7
Let b = 68 - -87. List the prime factors of b.
5, 31
Let v = -89 + 71. Let d(g) = -g + 47. What are the prime factors of d(v)?
5, 13
Suppose 5*k - 21058 = 4*d, 0 = 2*d - 13 + 7. What are the prime factors of k?
2, 7, 43
Let f(a) = -a**3 + 3*a**2 + 3*a - 1. Let k be f(3). Let n(x) = -21 + 21 + x. List the prime factors of n(k).
2
Suppose 5*m = 45 - 5. Suppose m*j - 3*j = 30. Suppose j*h - 11*h + 150 = 0. What are the prime factors of h?
2, 3, 5
Let h be 1*(-3 - 0 - 2). Let q be (h/(15/(-12)))/1. Suppose -5*u + 4 = -2*u - 4*o, -q*o + 20 = 0. List the prime factors of u.
2
Let x = -28 + 17. Let g(f) = f**3 + 11*f**2 + f + 15. Let k be g(x). Suppose 0*n - 88 = -k*n. List the prime factors of n.
2, 11
What are the prime factors of (-836)/33*(-30)/8?
5, 19
Let a = 2423 + -1222. List the prime factors of a.
1201
Let l(w) be the first derivative of 9*w**2 - 12*w - 8. List the prime factors of l(4).
2, 3, 5
What are the prime factors of (-2*2/12)/(62/(-225804))?
2, 607
Let g(t) = -t**2 - t + 1. Let d(k) = -k**2 - 15*k - 1. Let c(r) = d(r) - 2*g(r). Let i be 5*9/((-135)/(-42)). List the prime factors of c(i).
11
Suppose 0*q = -10*q + 40. Suppose q*c = 3*y - 232, -2*y - 85 = 4*c - 273. List the prime factors of y.
2, 3, 7
Let q(l) = -3 + 3*l**2 + 6*l**2 + 2*l - 6*l**2 + 10*l**2. List the prime factors of q(4).
3, 71
Let q = 83 - 48. Suppose 3*l = 5*b + 63, l = 4*b + 14 + q. List the prime factors of (-3)/b - (-332)/16.
3, 7
Suppose -3*q = 4*p - 0*p - 859, -5*q + 1389 = -4*p. Suppose 4*y + 399 = 3*m - 11, q = 2*m + 5*y. What are the prime factors of m?
2, 3, 23
Let t(b) = 10*b**2 + 8*b + 14. List the prime factors of t(-5).
2, 7
Let c be ((-3 - -4) + -1)/2. Suppose -3*j - 363 = -4*i, c = 2*i - j + 2*j - 169. List the prime factors of i.
3, 29
Let r = -128 + 1445. List the prime factors of r.
3, 439
Suppose 3*g + 2 = 2*i, -5*g - i = i + 30. List the prime factors of -5*(456/10)/g.
3, 19
Let x be (-1 - 1 - -2)/(4 - 2). Suppose x = 28*s - 24*s - 228. List the prime factors of s.
3, 19
Let w = 40 + -42. List the prime factors of w/(-12) - (-1180)/120.
2, 5
Suppose 4*n - a + 4 = 0, -3*n - a + 20 = 4*a. Let r(m) = m**3 + 45. List the prime factors of r(n).
3, 5
Let w be -17*6/(-14) + (-8)/28. Suppose -3*n - 2*y + w = -149, 2*y + 156 = 3*n. What are the prime factors of n?
2, 13
Let f be (-2)/1 + -2 + 7. Let x be (-174)/(-9) - (-2)/f. Let g = 43 - x. List the prime factors of g.
23
Let f = -8 - -6. Let j be 23 + (f - (-4)/2). Let z = j - 5. What are the prime factors of z?
2, 3
Suppose 11*b - 15553 = -1726. List the prime factors of b.
3, 419
Suppose 2*m + 1157 = 5*t, 2*m + 373 = 3*t - 318. List the prime factors of t.
233
Let d(y) = y**2 + y + 6. Let r be d(0). Suppose -15*i - 1392 = 2088. What are the prime factors of (i/24)/((-2)/r)?
29
Let c b